3. What is the greatest common factor of r and h?
12
Let q be (-4)/(-6) + (-400)/(-12). Calculate the highest common factor of q and 306.
34
Let q be 27*(-3)/(-18)*4. Let y = q + -15. What is the highest common factor of 3 and y?
3
Let y(f) = 2*f**3 - 4*f**2 - 2*f + 4. Let a be y(4). Suppose 2*k - a = -k. Calculate the highest common factor of k and 50.
10
Suppose -s - 3*s + 20 = 0. Let f(a) = -a**3 + 4*a**2 + 6*a. Let j be f(s). What is the greatest common factor of 20 and j?
5
Let i = 23 + -15. Suppose 5*l = 78 - i. Let f be -1 + 5 + -3 + l. Calculate the highest common divisor of f and 60.
15
Suppose 0 = -6*a + 3*a + 63. Calculate the highest common divisor of a and 42.
21
Suppose t = -0*t. Suppose t = -3*w + 235 + 125. Calculate the greatest common divisor of 24 and w.
24
Suppose -5*z + 153 = -202. Suppose 105 + z = 4*a. Suppose 29 = 5*c - 26. Calculate the greatest common factor of a and c.
11
Suppose -l + 26 = t + 2*l, 0 = 3*t + 5*l - 78. Suppose -t = -n + 10. What is the highest common divisor of 24 and n?
12
Let c(w) = 43*w**2 - 1. Let q be c(-1). Let y(v) = -v - 4. Let x be y(-8). Suppose -a - 315 = -x*a. What is the highest common divisor of a and q?
21
Suppose -550 = -4*f - f. Calculate the greatest common factor of 11 and f.
11
Suppose -12 = -j - 2*j. Suppose 2*x - 50 = -j*t - 0*t, 5*x - 37 = -2*t. Calculate the highest common factor of t and 121.
11
Let z = 13 + -11. Suppose z*s = -2*s + 40. Calculate the highest common divisor of s and 10.
10
Let o(w) = w + 2. Let b be o(6). Let g be (-4)/2*(-6)/(-4). Let h be g/(-5) - 37/(-5). What is the greatest common factor of b and h?
8
Suppose -3*m = 3*o - 33, 3*o + 3*m - 25 = o. Suppose -5*z = -z + o. Let d be (12*(1 + z))/(-1). What is the greatest common factor of d and 108?
12
Let w be ((-138)/3)/(-3*(-2)/(-3)). What is the greatest common divisor of w and 46?
23
Let k = 72 + -50. Calculate the highest common divisor of 11 and k.
11
Suppose 0 = -4*l + 47 + 13. What is the greatest common divisor of l and 15?
15
Suppose -y - 1 - 1 = -3*a, -a - 18 = -5*y. Suppose -10 = -a*l + 8. What is the highest common factor of l and 27?
9
Suppose -3 + 23 = k. Let y be (457/(-2))/((-2)/k). Let f be y/35 + 2/(-7). What is the highest common divisor of 26 and f?
13
Suppose -3*t = 9, x - 4*t + 5*t = 0. Let m = 4 - 2. Suppose m*z - 4*y - 10 = -0*y, -y = 5*z - 14. Calculate the highest common factor of x and z.
3
Suppose -s + 70 = 16. What is the greatest common factor of s and 6?
6
Suppose 0 = -0*o + 3*o - 4*w - 11, 0 = o - 2*w - 5. Let k(j) = 2*j - 2. Let n be k(2). Calculate the highest common divisor of o and n.
1
Let h = 69 - 24. What is the greatest common divisor of 30 and h?
15
Suppose 0 = -2*s + 29 + 19. Let l(t) = 4*t + 2*t**2 + 7 - 2*t**3 + 4*t**3 - 6*t**2 - 3*t**3. Let j be l(-5). What is the greatest common divisor of j and s?
12
Let x = 50 + 5. Let s(c) = c**3 + 9*c**2 + 6*c - 5. Let i be s(-8). What is the highest common divisor of x and i?
11
Suppose 36 = -0*n + 3*n. Suppose 2*b + 2*r = 50, 3*b - 2*r = 53 + 17. What is the highest common factor of n and b?
12
Suppose -5*h - 2*q = -433, 4*h - 2*h = -2*q + 178. Suppose 2*f + 4*m = 22, 0*f = -3*f + 3*m + 60. What is the greatest common factor of f and h?
17
Let v(f) = f**2 - 6. Let b be v(6). Suppose -3*g + 2*g + 15 = 0. What is the highest common factor of b and g?
15
Suppose -6*b + 180 = -0*b. Let w be 1 + 1*(13 + 1). Calculate the greatest common divisor of w and b.
15
Suppose -86 + 6 = -2*k. Calculate the highest common factor of k and 30.
10
Let y be ((-2)/4)/((-2)/8). Let d be (-3)/6*y*-46. Suppose -4*m = -10 - d. What is the greatest common divisor of 14 and m?
14
Suppose -5*a + 10 = -155. Let f = -19 + a. Let n be (-2)/7 + 592/14. Calculate the greatest common factor of f and n.
14
Let r be (-1020)/(-270) - 4/(-18). What is the highest common factor of 4 and r?
4
Let j(h) = h**3 + 14*h**2 + 12*h - 9. Let r be j(-13). Let d be (200/(-20))/((-1)/r). What is the highest common divisor of d and 60?
20
Let r = 4 - -9. Suppose -3 = -4*u + 1, 5*z = -5*u + 30. Suppose 0 = z*l - 368 - 217. Calculate the greatest common factor of r and l.
13
Suppose q - 20 = 5*k, 4*q - 2*k - 30 = -7*k. Suppose 0 = 3*c - 17 - q. Let o(g) = g**2 + g + 1. Let n be o(0). Calculate the greatest common factor of c and n.
1
Let a = -8 + 28. Let g = 57 + -28. Suppose -3*y - l = -0*y - 13, -5*y + 2*l = -g. Calculate the highest common divisor of y and a.
5
Let b(c) = c - 1. Suppose 7 = -2*t - 9. Let z be b(t). Let l be (-2)/(-6) - 321/z. What is the highest common divisor of l and 54?
18
Let q be 2/7 + (-1368)/(-14). Suppose -x + 6*x - 64 = 2*v, x - 17 = -v. Calculate the greatest common divisor of q and x.
14
Suppose 98 = 2*n - 0*n - 4*z, -2*n + 97 = -5*z. Calculate the greatest common divisor of 34 and n.
17
Suppose 2*t - 4 + 0 = 0. Suppose 64 = g - t*g. Let j = -44 - g. Calculate the highest common factor of j and 140.
20
Suppose 2*x = -2*m + 20, 5*x - 23 = -m - m. What is the highest common factor of m and 27?
9
Let x be -2*(0 - -1) - -106. What is the greatest common divisor of x and 13?
13
Let t = -21 - -63. What is the highest common divisor of t and 21?
21
Let l be (106/4)/((-12)/(-24)). What is the greatest common divisor of l and 477?
53
Let u = 58 + -25. What is the highest common divisor of 11 and u?
11
Suppose -5*h - 2*t + 82 = 0, 5*t - 27 = -5*h + 58. Let a = -69 - -117. Suppose -a = -6*x + 3*x. What is the highest common factor of h and x?
16
Let o(b) = b**3 - 5*b**2 - 6*b - 1. Let j be o(7). What is the highest common divisor of 11 and j?
11
Suppose -7*b + 9 = -4*b. Let x = b + 3. Suppose 0*w = 5*w - 210. Calculate the highest common divisor of x and w.
6
Let q(w) = -2*w + 8. Let m be q(-4). Calculate the highest common factor of 112 and m.
16
Let i = 14 + 21. Suppose 0*y + 2*j - 78 = -4*y, -2*y + 3*j + i = 0. What is the highest common divisor of 19 and y?
19
Suppose 0 = -5*r + o - 40 + 188, -128 = -4*r - 4*o. Suppose -2*i + 50 = 3*i. Calculate the greatest common divisor of i and r.
10
Let g be 0 - 2*(-9)/(-6). Let f = g - -12. Calculate the highest common factor of 45 and f.
9
Let u be (-3 - -6)/(-1) - -25. Let w be u/8*20/5. What is the greatest common factor of 11 and w?
11
Suppose 33 - 8 = 5*y. Calculate the greatest common divisor of 40 and y.
5
Let p(y) = -y**3 + 13*y**2 - y + 25. Let t be p(13). Calculate the highest common factor of t and 18.
6
Suppose -4*n = 37 - 121. Suppose -3*y + c + 4 = -n, -y = -c - 5. Calculate the greatest common divisor of 10 and y.
10
Let c(x) = -x + 3. Let l be c(-5). Let t be l - -2 - -2 - 0. Calculate the highest common divisor of t and 3.
3
Suppose 5*u - 9*u = 0. Suppose u = 7*c - 2*c - 70. Let l(m) = 7*m. Let w be l(6). Calculate the greatest common factor of w and c.
14
Let x = 193 - 121. Let u = 22 + -14. Suppose -4*f + 3*h = f - 96, 0 = -4*h - u. Calculate the greatest common divisor of f and x.
18
Let m(r) = 4*r - 16. Let x be m(5). Calculate the greatest common factor of x and 24.
4
Suppose -2*p + 3*t = -6*p - 270, 3*t - 6 = 0. Let o = 124 + p. What is the highest common factor of o and 22?
11
Let a(p) = p**2 - 10*p + 4. Let f be a(6). Let o = f + 31. What is the highest common divisor of o and 121?
11
Suppose d = -0*d - 1. Let r = d - -10. What is the highest common divisor of r and 18?
9
Let z be 3 + (0 + 0)/(-2). Suppose 0 = z*v + 8 - 92. Let m be 8 + 105/(-175) + (-4)/10. What is the greatest common divisor of m and v?
7
Suppose 11*o + 38 = 170. Let w(h) = -h**3 - 5*h**2 + 4*h - 4. Let d be 17/(-3) + (-2)/6. Let q be w(d). Calculate the greatest common factor of o and q.
4
Suppose -11*l + 108 = -2. Calculate the highest common divisor of l and 10.
10
Suppose 5*m = -4*r + 47, 4*m + 2 - 36 = -2*r. Calculate the greatest common divisor of 1 and m.
1
Suppose 0 = j + 3*d - 8, -4*j + 0*d = -4*d. Calculate the highest common divisor of 14 and j.
2
Let h = -34 - -84. Let n(l) = 4*l**2 - 2. Let p be n(2). Let m be (40/p)/(8/28). Calculate the greatest common factor of m and h.
10
Let i(y) = 100*y**3 - 2*y**2 + y. Let j be i(1). Let s(c) = 3*c + 15. Let p be s(-7). Let f be 2/p - 68/(-6). What is the greatest common divisor of j and f?
11
Let p(u) = u**3 + 13*u**2 + 24*u. Let w be p(-10). Calculate the highes